{"id":23,"date":"2020-12-02T01:40:17","date_gmt":"2020-12-02T01:40:17","guid":{"rendered":"https:\/\/www.utn.edu.ec\/tifloteca\/?page_id=23"},"modified":"2025-03-07T20:57:10","modified_gmt":"2025-03-07T20:57:10","slug":"inicio","status":"publish","type":"page","link":"https:\/\/tifloteca.utn.edu.ec\/","title":{"rendered":"Inicio"},"content":{"rendered":"\n<div class=\"wp-block-group\"><div class=\"wp-block-group__inner-container\">\n<div class=\"wp-block-group\"><div class=\"wp-block-group__inner-container\">\n<div class=\"wp-block-image is-style-default\"><figure class=\"aligncenter size-large is-resized\"><img loading=\"lazy\" src=\"https:\/\/www.utn.edu.ec\/tifloteca\/wp-content\/uploads\/2021\/04\/Portada_Concurso-1024x588.jpg\" alt=\"En la im\u00e1gen se ve a cuatro participantes del concurso Braille. Dos j\u00f3venes varones y dos j\u00f3venes mujeres que revisan el material de lectura.\" class=\"wp-image-398\" width=\"512\" height=\"294\" srcset=\"https:\/\/tifloteca.utn.edu.ec\/wp-content\/uploads\/2021\/04\/Portada_Concurso-1024x588.jpg 1024w, https:\/\/tifloteca.utn.edu.ec\/wp-content\/uploads\/2021\/04\/Portada_Concurso-300x172.jpg 300w, https:\/\/tifloteca.utn.edu.ec\/wp-content\/uploads\/2021\/04\/Portada_Concurso-768x441.jpg 768w, https:\/\/tifloteca.utn.edu.ec\/wp-content\/uploads\/2021\/04\/Portada_Concurso-825x474.jpg 825w, https:\/\/tifloteca.utn.edu.ec\/wp-content\/uploads\/2021\/04\/Portada_Concurso-600x345.jpg 600w, https:\/\/tifloteca.utn.edu.ec\/wp-content\/uploads\/2021\/04\/Portada_Concurso-400x230.jpg 400w, https:\/\/tifloteca.utn.edu.ec\/wp-content\/uploads\/2021\/04\/Portada_Concurso.jpg 1476w\" sizes=\"(max-width: 512px) 100vw, 512px\" \/><\/figure><\/div>\n\n\n\n<p><\/p>\n<\/div><\/div>\n<\/div><\/div>\n\n\n\n<p>La Universidad T\u00e9cnica del Norte como una pol\u00edtica de acci\u00f3n afirmativa, desde hace algunos a\u00f1os como dependencia del Vicerrectorado Acad\u00e9mico, la Biblioteca cuenta con el \u00c1rea de No Videntes.<\/p>\n\n\n\n<p class=\"has-text-align-left\">En esta ocasi\u00f3n, como un acto de sensibilidad y consideraci\u00f3n a la diversidad visual, pone a consideraci\u00f3n este sitio web inclusivo, en el cual pueden encontrar recursos como libros en formatos accesibles, cursos de capacitaci\u00f3n en Braille y Lectores de Pantalla, as\u00ed como instrumentos de apoyo para las personas con ceguera total y baja visi\u00f3n.&nbsp;<\/p>\n\n\n\n<p>Esperamos satisfacer sus necesidades de informaci\u00f3n y apoyo, que lleven a una verdadera pr\u00e1ctica de inclusi\u00f3n educativa.<\/p>\n\n\n\n<p><strong>Dr.&nbsp;Miguel&nbsp;Naranjo Toro<\/strong>.<\/p>\n\n\n\n<p><strong>RECTOR UTN<\/strong><\/p>\n\n\n\n<figure class=\"wp-block-audio\"><audio controls src=\"https:\/\/tifloteca.utn.edu.ec\/wp-content\/uploads\/2021\/04\/voz-tifloteca-con-fondo.3gp\" autoplay preload=\"auto\"><\/audio><\/figure>\n\n\n<ul class=\"wp-block-latest-posts wp-block-latest-posts__list\"><li><div class=\"wp-block-latest-posts__featured-image alignleft\"><img width=\"150\" height=\"150\" src=\"https:\/\/tifloteca.utn.edu.ec\/wp-content\/uploads\/2025\/04\/Braille_2025_1-150x150.jpeg\" class=\"attachment-thumbnail size-thumbnail wp-post-image\" alt=\"\" loading=\"lazy\" style=\"\" \/><\/div><a href=\"https:\/\/tifloteca.utn.edu.ec\/index.php\/2025\/04\/24\/clausura-curso-braille-abril-2025\/\">Clausura Curso Braille Abril 2025.<\/a><\/li>\n<li><div class=\"wp-block-latest-posts__featured-image alignleft\"><img width=\"150\" height=\"150\" src=\"https:\/\/tifloteca.utn.edu.ec\/wp-content\/uploads\/2024\/12\/BRAILLE_DIC_2024-150x150.jpg\" class=\"attachment-thumbnail size-thumbnail wp-post-image\" alt=\"\" loading=\"lazy\" style=\"\" \/><\/div><a href=\"https:\/\/tifloteca.utn.edu.ec\/index.php\/2024\/12\/18\/clausura-curso-braille-2024\/\">Clausura Curso Braille 2024<\/a><\/li>\n<li><div class=\"wp-block-latest-posts__featured-image alignleft\"><img width=\"150\" height=\"150\" src=\"https:\/\/tifloteca.utn.edu.ec\/wp-content\/uploads\/2024\/04\/Clausura_Braille_abril_2024-150x150.jpg\" class=\"attachment-thumbnail size-thumbnail wp-post-image\" alt=\"\" loading=\"lazy\" style=\"\" srcset=\"https:\/\/tifloteca.utn.edu.ec\/wp-content\/uploads\/2024\/04\/Clausura_Braille_abril_2024-150x150.jpg 150w, https:\/\/tifloteca.utn.edu.ec\/wp-content\/uploads\/2024\/04\/Clausura_Braille_abril_2024-300x300.jpg 300w, https:\/\/tifloteca.utn.edu.ec\/wp-content\/uploads\/2024\/04\/Clausura_Braille_abril_2024-1024x1024.jpg 1024w, https:\/\/tifloteca.utn.edu.ec\/wp-content\/uploads\/2024\/04\/Clausura_Braille_abril_2024-768x768.jpg 768w, https:\/\/tifloteca.utn.edu.ec\/wp-content\/uploads\/2024\/04\/Clausura_Braille_abril_2024-620x620.jpg 620w, https:\/\/tifloteca.utn.edu.ec\/wp-content\/uploads\/2024\/04\/Clausura_Braille_abril_2024-900x900.jpg 900w, https:\/\/tifloteca.utn.edu.ec\/wp-content\/uploads\/2024\/04\/Clausura_Braille_abril_2024-600x600.jpg 600w, https:\/\/tifloteca.utn.edu.ec\/wp-content\/uploads\/2024\/04\/Clausura_Braille_abril_2024-400x400.jpg 400w, https:\/\/tifloteca.utn.edu.ec\/wp-content\/uploads\/2024\/04\/Clausura_Braille_abril_2024.jpg 1080w\" sizes=\"(max-width: 150px) 100vw, 150px\" \/><\/div><a href=\"https:\/\/tifloteca.utn.edu.ec\/index.php\/2024\/04\/22\/clausura-lectoescritura-braille-y-estenografia\/\">Clausura Lectoescritura Braille y Estenograf\u00eda.<\/a><\/li>\n<li><div class=\"wp-block-latest-posts__featured-image alignleft\"><img width=\"150\" height=\"150\" src=\"https:\/\/tifloteca.utn.edu.ec\/wp-content\/uploads\/2023\/12\/Dia_discapacidades-150x150.jpg\" class=\"attachment-thumbnail size-thumbnail wp-post-image\" alt=\"\" loading=\"lazy\" style=\"\" \/><\/div><a href=\"https:\/\/tifloteca.utn.edu.ec\/index.php\/2023\/12\/04\/dia-internacional-de-las-personas-con-discapacidad\/\">D\u00eda Internacional de las Personas con Discapacidad<\/a><\/li>\n<li><div class=\"wp-block-latest-posts__featured-image alignleft\"><img width=\"150\" height=\"150\" src=\"https:\/\/tifloteca.utn.edu.ec\/wp-content\/uploads\/2023\/01\/Clausura_Braille_Dic_14_2022_13-150x150.png\" class=\"attachment-thumbnail size-thumbnail wp-post-image\" alt=\"\" loading=\"lazy\" style=\"\" \/><\/div><a href=\"https:\/\/tifloteca.utn.edu.ec\/index.php\/2023\/01\/09\/clausura-curso-lectoescritura-braille-2022\/\">Clausura Curso Lectoescritura Braille 2022<\/a><\/li>\n<\/ul>","protected":false},"excerpt":{"rendered":"<p>La Universidad T\u00e9cnica del Norte como una pol\u00edtica de acci\u00f3n afirmativa, desde hace algunos a\u00f1os como dependencia del Vicerrectorado Acad\u00e9mico, la Biblioteca cuenta con el \u00c1rea de No Videntes. En&hellip;<a href=\"https:\/\/tifloteca.utn.edu.ec\/\" class=\"more-link\"><span class=\"more-button\">Leer m\u00e1s<span class=\"screen-reader-text\">Inicio<\/span><\/span><\/a><\/p>\n","protected":false},"author":2,"featured_media":0,"parent":0,"menu_order":0,"comment_status":"closed","ping_status":"closed","template":"","meta":[],"_links":{"self":[{"href":"https:\/\/tifloteca.utn.edu.ec\/index.php\/wp-json\/wp\/v2\/pages\/23"}],"collection":[{"href":"https:\/\/tifloteca.utn.edu.ec\/index.php\/wp-json\/wp\/v2\/pages"}],"about":[{"href":"https:\/\/tifloteca.utn.edu.ec\/index.php\/wp-json\/wp\/v2\/types\/page"}],"author":[{"embeddable":true,"href":"https:\/\/tifloteca.utn.edu.ec\/index.php\/wp-json\/wp\/v2\/users\/2"}],"replies":[{"embeddable":true,"href":"https:\/\/tifloteca.utn.edu.ec\/index.php\/wp-json\/wp\/v2\/comments?post=23"}],"version-history":[{"count":40,"href":"https:\/\/tifloteca.utn.edu.ec\/index.php\/wp-json\/wp\/v2\/pages\/23\/revisions"}],"predecessor-version":[{"id":927,"href":"https:\/\/tifloteca.utn.edu.ec\/index.php\/wp-json\/wp\/v2\/pages\/23\/revisions\/927"}],"wp:attachment":[{"href":"https:\/\/tifloteca.utn.edu.ec\/index.php\/wp-json\/wp\/v2\/media?parent=23"}],"curies":[{"name":"wp","href":"https:\/\/api.w.org\/{rel}","templated":true}]}}

<div class="wp-block-group"><div class="wp-block-group__inner-container">
<div class="wp-block-group"><div class="wp-block-group__inner-container">
<div class="wp-block-image is-style-default"><figure class="aligncenter size-large is-resized"><img loading="lazy" src="https://www.utn.edu.ec/tifloteca/wp-content/uploads/2021/04/Portada_Concurso-1024x588.jpg" alt="En la imágen se ve a cuatro participantes del concurso Braille. Dos jóvenes varones y dos jóvenes mujeres que revisan el material de lectura." class="wp-image-398" width="512" height="294" srcset="https://tifloteca.utn.edu.ec/wp-content/uploads/2021/04/Portada_Concurso-1024x588.jpg 1024w, https://tifloteca.utn.edu.ec/wp-content/uploads/2021/04/Portada_Concurso-300x172.jpg 300w, https://tifloteca.utn.edu.ec/wp-content/uploads/2021/04/Portada_Concurso-768x441.jpg 768w, https://tifloteca.utn.edu.ec/wp-content/uploads/2021/04/Portada_Concurso-825x474.jpg 825w, https://tifloteca.utn.edu.ec/wp-content/uploads/2021/04/Portada_Concurso-600x345.jpg 600w, https://tifloteca.utn.edu.ec/wp-content/uploads/2021/04/Portada_Concurso-400x230.jpg 400w, https://tifloteca.utn.edu.ec/wp-content/uploads/2021/04/Portada_Concurso.jpg 1476w" sizes="(max-width: 512px) 100vw, 512px" /></figure></div>



<p></p>
</div></div>
</div></div>



<p>La Universidad Técnica del Norte como una política de acción afirmativa, desde hace algunos años como dependencia del Vicerrectorado Académico, la Biblioteca cuenta con el Área de No Videntes.</p>



<p class="has-text-align-left">En esta ocasión, como un acto de sensibilidad y consideración a la diversidad visual, pone a consideración este sitio web inclusivo, en el cual pueden encontrar recursos como libros en formatos accesibles, cursos de capacitación en Braille y Lectores de Pantalla, así como instrumentos de apoyo para las personas con ceguera total y baja visión.&nbsp;</p>



<p>Esperamos satisfacer sus necesidades de información y apoyo, que lleven a una verdadera práctica de inclusión educativa.</p>



<p><strong>Dr.&nbsp;Miguel&nbsp;Naranjo Toro</strong>.</p>



<p><strong>RECTOR UTN</strong></p>



<figure class="wp-block-audio"><audio controls src="https://tifloteca.utn.edu.ec/wp-content/uploads/2021/04/voz-tifloteca-con-fondo.3gp" autoplay preload="auto"></audio></figure>


<ul class="wp-block-latest-posts wp-block-latest-posts__list"><li><div class="wp-block-latest-posts__featured-image alignleft"><img width="150" height="150" src="https://tifloteca.utn.edu.ec/wp-content/uploads/2025/04/Braille_2025_1-150x150.jpeg" class="attachment-thumbnail size-thumbnail wp-post-image" alt="" loading="lazy" style="" /></div><a href="https://tifloteca.utn.edu.ec/index.php/2025/04/24/clausura-curso-braille-abril-2025/">Clausura Curso Braille Abril 2025.</a></li>
<li><div class="wp-block-latest-posts__featured-image alignleft"><img width="150" height="150" src="https://tifloteca.utn.edu.ec/wp-content/uploads/2024/12/BRAILLE_DIC_2024-150x150.jpg" class="attachment-thumbnail size-thumbnail wp-post-image" alt="" loading="lazy" style="" /></div><a href="https://tifloteca.utn.edu.ec/index.php/2024/12/18/clausura-curso-braille-2024/">Clausura Curso Braille 2024</a></li>
<li><div class="wp-block-latest-posts__featured-image alignleft"><img width="150" height="150" src="https://tifloteca.utn.edu.ec/wp-content/uploads/2024/04/Clausura_Braille_abril_2024-150x150.jpg" class="attachment-thumbnail size-thumbnail wp-post-image" alt="" loading="lazy" style="" srcset="https://tifloteca.utn.edu.ec/wp-content/uploads/2024/04/Clausura_Braille_abril_2024-150x150.jpg 150w, https://tifloteca.utn.edu.ec/wp-content/uploads/2024/04/Clausura_Braille_abril_2024-300x300.jpg 300w, https://tifloteca.utn.edu.ec/wp-content/uploads/2024/04/Clausura_Braille_abril_2024-1024x1024.jpg 1024w, https://tifloteca.utn.edu.ec/wp-content/uploads/2024/04/Clausura_Braille_abril_2024-768x768.jpg 768w, https://tifloteca.utn.edu.ec/wp-content/uploads/2024/04/Clausura_Braille_abril_2024-620x620.jpg 620w, https://tifloteca.utn.edu.ec/wp-content/uploads/2024/04/Clausura_Braille_abril_2024-900x900.jpg 900w, https://tifloteca.utn.edu.ec/wp-content/uploads/2024/04/Clausura_Braille_abril_2024-600x600.jpg 600w, https://tifloteca.utn.edu.ec/wp-content/uploads/2024/04/Clausura_Braille_abril_2024-400x400.jpg 400w, https://tifloteca.utn.edu.ec/wp-content/uploads/2024/04/Clausura_Braille_abril_2024.jpg 1080w" sizes="(max-width: 150px) 100vw, 150px" /></div><a href="https://tifloteca.utn.edu.ec/index.php/2024/04/22/clausura-lectoescritura-braille-y-estenografia/">Clausura Lectoescritura Braille y Estenografía.</a></li>
<li><div class="wp-block-latest-posts__featured-image alignleft"><img width="150" height="150" src="https://tifloteca.utn.edu.ec/wp-content/uploads/2023/12/Dia_discapacidades-150x150.jpg" class="attachment-thumbnail size-thumbnail wp-post-image" alt="" loading="lazy" style="" /></div><a href="https://tifloteca.utn.edu.ec/index.php/2023/12/04/dia-internacional-de-las-personas-con-discapacidad/">Día Internacional de las Personas con Discapacidad</a></li>
<li><div class="wp-block-latest-posts__featured-image alignleft"><img width="150" height="150" src="https://tifloteca.utn.edu.ec/wp-content/uploads/2023/01/Clausura_Braille_Dic_14_2022_13-150x150.png" class="attachment-thumbnail size-thumbnail wp-post-image" alt="" loading="lazy" style="" /></div><a href="https://tifloteca.utn.edu.ec/index.php/2023/01/09/clausura-curso-lectoescritura-braille-2022/">Clausura Curso Lectoescritura Braille 2022</a></li>
</ul>

<p>La Universidad Técnica del Norte como una política de acción afirmativa, desde hace algunos años como dependencia del Vicerrectorado Académico, la Biblioteca cuenta con el Área de No Videntes. En&hellip;<a href="https://tifloteca.utn.edu.ec/" class="more-link"><span class="more-button">Leer más<span class="screen-reader-text">Inicio</span></span></a></p>
